re the prime factors of v(-5)?
11
Let j(q) = 2*q**2 + 3*q + 2. Let y be j(-3). Let n = -8 + y. List the prime factors of 14*(n - 2) + 1.
3, 5
Let d(g) = -g**3 + 6*g**2 - 7*g + 6. Let q be d(5). Let w = q - -6. Suppose 5*b = -w*s - s + 1, 0 = -5*b + 5*s + 25. List the prime factors of b.
2
Suppose 2*x - 2*r + 146 = 4*x, 3*x - 2*r = 244. List the prime factors of x.
2, 3, 13
Let m = -22 - -34. Suppose -m = 2*k - 6*k. Suppose 0*j - k*a + 10 = -j, 0 = -2*j - 2*a + 20. List the prime factors of j.
5
Let s(g) = 7*g**3 - 2*g - 1. What are the prime factors of s(2)?
3, 17
Let n(b) = b + 1. Suppose -3*l = 4*v - 1 - 1, -5*l = 4*v - 6. Let d(c) = -c - 4. Let i(z) = v*n(z) + d(z). List the prime factors of i(-4).
3
Let y(z) = -z**3 - 5*z**2 + 7*z - 1. Let a be y(-6). Suppose 4*j + 82 = 30. Let m = a - j. What are the prime factors of m?
2, 3
Let h(x) = -x**2 + 21*x + 3. What are the prime factors of h(11)?
113
Let a be (0 - (-3 + 2))*5. Suppose -5*j + 40 = a*m, -3*m + 20 + 8 = 4*j. What are the prime factors of m?
2
Suppose -5*x + 275 = -0*x. What are the prime factors of x?
5, 11
Suppose d = 4*f - 0*f - 705, 4*f - 707 = 3*d. What are the prime factors of f?
2, 11
Suppose 47 = -2*q + b + 208, -2*q = 4*b - 156. What are the prime factors of q?
2, 5
Let o = -12 + 3. Let p(g) be the second derivative of -g**3/3 - 2*g**2 - g. List the prime factors of p(o).
2, 7
Let g(j) = 3*j**2 + 6. Let i(o) = -2*o**2 - o - 5. Let t = -7 + 10. Let z(b) = t*g(b) + 4*i(b). List the prime factors of z(6).
2, 5
List the prime factors of 4/(-18) - ((-1127)/9 - -1).
2, 31
Let r be 1/1 + (-18)/2. Let s be (r/(-20))/((-2)/(-10)). What are the prime factors of s - (0 - (3 + 1))?
2, 3
Suppose z = 4*t + 29, 5*z + 0 - 17 = 4*t. Let x(q) = -q**2 + 6*q - 6. Let n be x(5). List the prime factors of ((-5)/(-10))/(n/t).
2
Suppose -4*w = w - 20. Suppose 9 + w = r. List the prime factors of r.
13
Let d(s) = 6*s - 1. List the prime factors of d(8).
47
Let h be 4/14 - (-2)/(-7). Suppose 5*m - 45 = -h*m. What are the prime factors of m?
3
Suppose 0 = 127*k - 130*k + 759. List the prime factors of k.
11, 23
List the prime factors of -3 - -3*102/9.
31
Suppose -139 - 5 = -x - 2*z, -x + 2*z + 140 = 0. What are the prime factors of x?
2, 71
Suppose 3*z + 33 = -4*y, 5 + 7 = -4*z. What are the prime factors of ((-2)/y - 3)*-3?
2
Let v(i) = 2*i - 5. Let r be v(4). Let u = 7 - r. List the prime factors of u.
2
Let x(o) = o**2 + o - 3. Let a be x(2). Suppose 5*d = 20, -d + a*d + 70 = 2*v. What are the prime factors of v?
3, 13
Let s = 13 - 8. Suppose 5*r + 16 = 4*z - 2*z, 5*z + 5*r = 75. Suppose z = l + s. What are the prime factors of l?
2
Let m = 4 + -2. Suppose 7 - 1 = m*k. List the prime factors of k.
3
Suppose -3*r - 5*g = 2*r - 130, 0 = -4*g + 4. What are the prime factors of r?
5
Let j(t) = t**3 - 9*t**2 + 3*t. Let n be j(6). What are the prime factors of (n/25)/((-6)/20)?
2, 3
List the prime factors of (-8)/(-6)*(122 + (-12)/(-3)).
2, 3, 7
Let p = 16 + 7. List the prime factors of p.
23
List the prime factors of 1*(-4 - -11)*16.
2, 7
Let q(t) = -t - 3. Let f be q(-3). Suppose f = -4*k - 0*k + 72. What are the prime factors of k?
2, 3
List the prime factors of (2/4)/(802/(-804) + 1).
3, 67
Let x = -7 - -10. Suppose -4*i - x*j = -4, 3*i + 6*j = j + 14. List the prime factors of 3/12*-10*i.
5
Suppose 0 = -3*n - 2*n. Suppose -4*f - z + 14 = 0, -f + 3*z + 0 + 10 = n. What are the prime factors of f?
2
Let a = -58 + 78. What are the prime factors of a?
2, 5
Suppose -8*y + 7*y + 31 = 0. What are the prime factors of y?
31
What are the prime factors of (-1)/6 - 0 - (-10571)/66?
2, 5
What are the prime factors of ((-6)/4)/(-1) + (-908)/(-8)?
5, 23
Let k(l) = -l**2 - 12*l - 8. Let t be (2*3)/(4 + -5). List the prime factors of k(t).
2, 7
Suppose -5*k + 212 = 3*c, -3*c + k + 196 = 2*k. List the prime factors of c.
2
Suppose -5*r + 5 = -4*r. Suppose -r*j = -37 - 13. List the prime factors of j.
2, 5
Suppose d - 6 = -1, 3*n + 3*d - 123 = 0. Suppose 5*q - 3*f - f = 81, 2*q + 2*f = n. List the prime factors of q.
17
Let b(l) = -l - 34. Let w be b(0). Let u = w - -52. What are the prime factors of u?
2, 3
Let q be (-17)/6 - (-2)/(-12). List the prime factors of (-4)/q*18/4.
2, 3
Let c = -10 + 19. Suppose -3*u + c = 3. Suppose 0 = u*g - 3*g + 3*p + 21, 43 = 3*g - 4*p. What are the prime factors of g?
3
Let m(x) = -2*x + 4. Suppose -4*v + 3 = -3*v. Let q be m(v). What are the prime factors of (-192)/(-9) + q/(-3)?
2, 11
Suppose 5 = 4*v + 21. Let w = -11 + 18. Let b = w + v. What are the prime factors of b?
3
Let d(m) = m**3 + 4 + 3*m + 5*m**2 - 3*m - 3*m. Let q be d(-4). Suppose 5*i = 3 + q. What are the prime factors of i?
7
Suppose 0*a - 5*u = -3*a - 10, a = 2*u - 5. Suppose -s - 3*o = 13, a*s + 0*s = 4*o + 30. Let z = 5 + s. What are the prime factors of z?
7
List the prime factors of -26*(-2)/((-4)/(-3)).
3, 13
Suppose -5 = -3*w + 7. What are the prime factors of 2/(1/(22/w))?
11
Let s = 26 - 39. Let k(u) = u**3 + 14*u**2 + 13*u + 3. What are the prime factors of k(s)?
3
Suppose 3*u = 5 - 14. List the prime factors of 38 - ((-12)/u + -6).
2, 5
Let v = 18 + -11. Let x(h) be the third derivative of -h**6/120 + h**5/10 + 3*h**4/8 - h**3/6 - 6*h**2. List the prime factors of x(v).
13
Suppose -4 - 1 = 5*u, -287 = -5*b + 2*u. List the prime factors of b.
3, 19
Suppose -2*a = -4*a - 2. Let j be (-3)/a + -2 + 3. Suppose v - j + 0 = 0. List the prime factors of v.
2
Let q(d) = d**2 + d + 2. Let j = 12 - 8. Let h be q(j). Suppose -2*b - 3*b - 2*n + 24 = 0, -5*n = 3*b - h. List the prime factors of b.
2
Let j(m) = m + 2. Let d be j(0). Suppose 3*f = -0*f + d*u + 15, 0 = -2*u - 6. What are the prime factors of 1*(-33)/f*-1?
11
Let m be 33/7 + 2/7. Suppose 0 = -m*s + 10, -8 = -2*r - 0*r + 2*s. List the prime factors of r.
2, 3
Let p(a) = -3*a + 6. Let d be p(4). What are the prime factors of (26/d)/(4/(-12))?
13
Suppose -4*t + 25 = t, -2*v + t - 1 = 0. Suppose 0 = -v*c - 2 - 2. What are the prime factors of 15*((1 - -2) + c)?
3, 5
Suppose -4*f = -m + 17, 0 = -m - 3*f - 1 - 3. Suppose 16 - 96 = -4*c - 2*v, 5*c - 130 = m*v. List the prime factors of c.
2, 11
Let r(v) = 8*v**2 + 3*v + 5. Let t(m) = -m - 1 + 0*m + 0*m**2 - m**2. Let a(y) = r(y) + 6*t(y). List the prime factors of a(3).
2
Suppose 0 = -20*i + 16*i + 308. List the prime factors of i.
7, 11
Suppose -19*j + 14*j = -55. List the prime factors of j.
11
Let s(z) = -18*z**3 + 7*z**2 + 6*z - 7. Let w(c) = 19*c**3 - 8*c**2 - 7*c + 8. Let u(j) = -7*s(j) - 6*w(j). What are the prime factors of u(1)?
2, 3
Let p(c) = 3 + 106*c**2 + 3*c + 2*c - 105*c**2. What are the prime factors of p(-6)?
3
Suppose -4*r + 2 = -18. Suppose 4*y - 25 = r*l + 33, 0 = 2*y - 3*l - 30. What are the prime factors of y?
2, 3
Let n(w) = -165*w + 2. What are the prime factors of n(-2)?
2, 83
Let x(q) = 63*q - 1. Let a be x(1). Let i be (-2)/(1/82*4). Let d = i + a. What are the prime factors of d?
3, 7
List the prime factors of 4686/39 + (-4)/(-52)*-2.
2, 3, 5
Suppose s - 3*s + 34 = 0. What are the prime factors of (-2)/1 + s - -3?
2, 3
Let d(h) = -h**2 + 12*h - 1. What are the prime factors of d(10)?
19
Suppose -8*y + 837 = 3*t - 6*y, 0 = -y. What are the prime factors of t?
3, 31
Suppose 7 = 4*q - 1. Suppose -q*d = -7 - 11. What are the prime factors of d?
3
Suppose 42 = -4*o - 22. List the prime factors of 60/6*o/(-10).
2
Let o(x) = x - 7. Let p be o(5). Let l(v) = v**3 - 3 - 2*v**3 - v**2 + 5. List the prime factors of l(p).
2, 3
Let m be (-58)/(-5) - (-2)/5. Let c be (2/(-8))/((-3)/m). Suppose c - 51 = -5*g. List the prime factors of g.
2, 5
Let m be 1 + (-2 - 27) + 1. Let f be (-1329)/m - (-4)/(-18). Suppose -k = l - 11 - 2, 4*k = -l + f. List the prime factors of k.
2, 3
Suppose 2*m = 3*m - 2. Let i be m/(-4)*(2 + -2). Suppose -2*u - u + 33 = i. List the prime factors of u.
11
Let g be (-72)/27*(-171)/2. Let j be g/(-44) + 4/22. What are the prime factors of (-3)/(((-45)/(-24))/j)?
2
Let u = -31 + 19. List the prime factors of 123/5 - u/(-20).
2, 3
Suppose 4*m - 6 - 14 = 0. Suppose 7 = 2*g - m. Suppose -g = 3*j - 6*j. What are the prime factors of j?
2
Let k(a) = a**2 - 8*a - 10. List the prime factors of k(-7).
5, 19
Let c be ((-5)/15)/((-1)/15). Suppose -2*l - c*r + 10 = -0*l, 3 = -3*l - 